r when 2403 is divided by 298.
19
Calculate the remainder when 457 is divided by 205.
47
What is the remainder when 8061 is divided by 148?
69
What is the remainder when 21593 is divided by 60?
53
What is the remainder when 8717 is divided by 40?
37
What is the remainder when 1222 is divided by 156?
130
Calculate the remainder when 84412 is divided by 3012.
76
What is the remainder when 9658 is divided by 59?
41
What is the remainder when 36426 is divided by 33?
27
What is the remainder when 48298 is divided by 65?
3
What is the remainder when 5248 is divided by 77?
12
Calculate the remainder when 1292 is divided by 459.
374
What is the remainder when 2046 is divided by 69?
45
Calculate the remainder when 14047 is divided by 593.
408
Calculate the remainder when 284078 is divided by 1833.
1796
What is the remainder when 3622 is divided by 250?
122
Calculate the remainder when 1683 is divided by 1170.
513
What is the remainder when 116143 is divided by 7?
6
Calculate the remainder when 31739 is divided by 345.
344
What is the remainder when 167151 is divided by 55713?
12
Calculate the remainder when 541617 is divided by 36.
33
Calculate the remainder when 105593 is divided by 26.
7
What is the remainder when 35595 is divided by 352?
43
Calculate the remainder when 205211 is divided by 746.
61
Calculate the remainder when 6065 is divided by 1504.
49
Calculate the remainder when 250962 is divided by 135.
132
What is the remainder when 11776 is divided by 318?
10
What is the remainder when 987686 is divided by 329228?
2
Calculate the remainder when 40996 is divided by 200.
196
Calculate the remainder when 287921 is divided by 364.
361
What is the remainder when 6203 is divided by 38?
9
What is the remainder when 87531 is divided by 7957?
4
What is the remainder when 895 is divided by 15?
10
Calculate the remainder when 37464 is divided by 721.
693
What is the remainder when 6113 is divided by 380?
33
Calculate the remainder when 41336 is divided by 130.
126
Calculate the remainder when 10790 is divided by 51.
29
Calculate the remainder when 4441 is divided by 11.
8
What is the remainder when 12753 is divided by 5911?
931
What is the remainder when 1773184 is divided by 118?
116
What is the remainder when 715200 is divided by 12122?
2
Calculate the remainder when 93156 is divided by 17.
13
Calculate the remainder when 245418 is divided by 1741.
1678
Calculate the remainder when 11693 is divided by 887.
162
Calculate the remainder when 3881 is divided by 228.
5
Calculate the remainder when 1065168 is divided by 3436.
8
Calculate the remainder when 19582 is divided by 595.
542
What is the remainder when 667717 is divided by 8?
5
What is the remainder when 621031 is divided by 277?
274
Calculate the remainder when 41141 is divided by 10218.
269
Calculate the remainder when 2370 is divided by 61.
52
What is the remainder when 2623 is divided by 98?
75
What is the remainder when 333644 is divided by 13900?
44
What is the remainder when 250353 is divided by 108?
9
What is the remainder when 3831 is divided by 139?
78
What is the remainder when 69460 is divided by 52?
40
Calculate the remainder when 1011541 is divided by 14.
13
Calculate the remainder when 16293 is divided by 7950.
393
What is the remainder when 1499 is divided by 24?
11
Calculate the remainder when 106122 is divided by 52.
42
Calculate the remainder when 252220 is divided by 50428.
80
Calculate the remainder when 654853 is divided by 327426.
1
What is the remainder when 12280 is divided by 135?
130
What is the remainder when 19877 is divided by 6521?
314
What is the remainder when 72929 is divided by 72887?
42
Calculate the remainder when 5422 is divided by 47.
17
What is the remainder when 56496 is divided by 7062?
0
What is the remainder when 6800 is divided by 30?
20
Calculate the remainder when 157599 is divided by 4924.
31
Calculate the remainder when 71776 is divided by 14.
12
What is the remainder when 5201 is divided by 34?
33
What is the remainder when 117938 is divided by 31?
14
What is the remainder when 106861 is divided by 14?
13
Calculate the remainder when 11759 is divided by 2334.
89
Calculate the remainder when 6372 is divided by 1813.
933
Calculate the remainder when 5884 is divided by 245.
4
Calculate the remainder when 313253 is divided by 52207.
11
What is the remainder when 7937 is divided by 3961?
15
Calculate the remainder when 2475450 is divided by 7760.
10
Calculate the remainder when 8173 is divided by 41.
14
Calculate the remainder when 56957 is divided by 1212.
1205
What is the remainder when 724671 is divided by 8?
7
Calculate the remainder when 323 is divided by 204.
119
Calculate the remainder when 8517 is divided by 232.
165
Calculate the remainder when 3182 is divided by 292.
262
Calculate the remainder when 4697 is divided by 243.
80
Calculate the remainder when 12100 is divided by 928.
36
What is the remainder when 13541 is divided by 13497?
44
What is the remainder when 96639 is divided by 22?
15
What is the remainder when 115542 is divided by 346?
324
Calculate the remainder when 77138 is divided by 129.
125
What is the remainder when 14877 is divided by 383?
323
What is the remainder when 38915 is divided by 22?
19
What is the remainder when 45354 is divided by 45337?
17
Calculate the remainder when 114795 is divided by 57396.
3
Calculate the remainder when 3530 is divided by 61.
53
Calculate the remainder when 492394 is divided by 195.
19
Calculate the remainder when 1807463 is divided by 181.
178
Calculate the remainder when 4091892 is divided by 13.
12
Calculate the remainder when 16468 is divided by 142.
138
What is the remainder when 6664 is divided by 1663?
12
Calculate the remainder when 1263 is divided by 1094.
169
Calculate the remainder when 851888 is divided by 373.
329
What is the remainder when 4044 is divided by 188?
96
Calculate the remainder when 3988353 is divided by 35.
33
What is the remainder when 18099 is divided by 50?
49
What is the remainder when 400063 is divided by 133?
132
Calculate the remainder when 93373 is divided by 93371.
2
What is the remainder when 17376 is divided by 774?
348
What is the remainder when 160539 is divided by 163?
147
What is the remainder when 454 is divided by 280?
174
What is the remainder when 215615 is divided by 6735?
95
Calculate the remainder when 456609 is divided by 103.
10
What is the remainder when 4194 is divided by 464?
18
What is the remainder when 27856 is divided by 36?
28
Calculate the remainder when 175323 is divided by 25.
23
What is the remainder when 2154 is divided by 9?
3
Calculate the remainder when 3560 is divided by 349.
70
Calculate the remainder when 6801 is divided by 755.
6
Calculate the remainder when 2365 is divided by 213.
22
Calculate the remainder when 19760 is divided by 272.
176
What is the remainder when 4904 is divided by 535?
89
What is the remainder when 84509 is divided by 32?
29
Calculate the remainder when 45997 is divided by 92.
89
What is the remainder when 1434 is divided by 300?
234
What is the remainder when 595535 is divided by 207?
203
What is the remainder when 17409 is divided by 5803?
0
What is the remainder when 18407 is divided by 18?
11
What is the remainder when 7166 is divided by 211?
203
Calculate the remainder when 7223 is divided by 1532.
1095
What is the remainder when 2178 is divided by 2176?
2
Calculate the remainder when 514789 is divided by 82.
75
Calculate the remainder when 88444 is divided by 22.
4
Calculate the remainder when 556994 is divided by 278474.
46
What is the remainder when 2625 is divided by 110?
95
Calculate the remainder when 1224724 is divided by 202.
200
What is the remainder when 8044 is divided by 362?
80
Calculate the remainder when 2520 is divided by 2458.
62
What is the remainder when 1522432 is divided by 10?
2
Calculate the remainder when 469947 is divided by 482.
479
What is the remainder when 6027 is divided by 1502?
19
Calculate the remainder when 913086 is divided by 179.
7
What is the remainder when 628321 is divided by 528?
1
What is the remainder when 1818 is divided by 35?
33
Calculate the remainder when 21876 is divided by 30.
6
What is the remainder when 64928 is divided by 151?
149
What is th